{"id":1392,"date":"2019-09-27T20:51:37","date_gmt":"2019-09-27T18:51:37","guid":{"rendered":"https:\/\/staging.cambios.de\/?page_id=1392"},"modified":"2019-11-22T01:57:39","modified_gmt":"2019-11-22T00:57:39","slug":"workshops","status":"publish","type":"page","link":"https:\/\/staging.cambios.de\/?page_id=1392","title":{"rendered":"Workshops"},"content":{"rendered":"<p>[et_pb_section fb_built=&#8220;1&#8243; fullwidth=&#8220;on&#8220; admin_label=&#8220;Page Header&#8220; _builder_version=&#8220;4.0&#8243; background_image=&#8220;https:\/\/staging.cambios.de\/wp-content\/uploads\/2019\/11\/Workshops.jpg&#8220; background_position=&#8220;top_center&#8220; custom_padding=&#8220;0px|0px|0px|0px&#8220; collapsed=&#8220;off&#8220;][et_pb_fullwidth_header title=&#8220;Impulsvortr\u00e4ge und Workshops&#8220; text_orientation=&#8220;center&#8220; content_max_width=&#8220;65%&#8220; content_max_width_tablet=&#8220;100%&#8220; content_max_width_phone=&#8220;&#8220; content_max_width_last_edited=&#8220;on|tablet&#8220; admin_label=&#8220;Hero Section&#8220; _builder_version=&#8220;4.0&#8243; title_font=&#8220;Montserrat|on|||&#8220; title_font_size=&#8220;60px&#8220; title_line_height=&#8220;1.4em&#8220; content_font_size=&#8220;22px&#8220; content_line_height=&#8220;1.8em&#8220; subhead_font=&#8220;||||||||&#8220; subhead_font_size=&#8220;24px&#8220; subhead_line_height=&#8220;1.4em&#8220; background_color=&#8220;rgba(255,255,255,0)&#8220; use_background_color_gradient=&#8220;on&#8220; background_color_gradient_start=&#8220;rgba(0,128,200,0.66)&#8220; background_color_gradient_end=&#8220;rgba(0,128,200,0.4)&#8220; background_size=&#8220;initial&#8220; background_position=&#8220;top_left&#8220; background_repeat=&#8220;repeat&#8220; custom_button_one=&#8220;on&#8220; button_one_text_size=&#8220;16px&#8220; button_one_bg_color=&#8220;#6eba01&#8243; button_one_border_color=&#8220;#6eba01&#8243; button_one_border_radius=&#8220;0&#8243; button_one_letter_spacing=&#8220;2&#8243; button_one_font=&#8220;Montserrat|||on|&#8220; button_one_use_icon=&#8220;off&#8220; custom_button_two=&#8220;on&#8220; button_two_text_size=&#8220;16px&#8220; button_two_border_color=&#8220;#ffffff&#8220; button_two_border_radius=&#8220;0&#8243; button_two_letter_spacing=&#8220;2&#8243; button_two_font=&#8220;Montserrat|||on|&#8220; button_two_use_icon=&#8220;off&#8220; module_alignment=&#8220;left&#8220; custom_margin=&#8220;|||&#8220; custom_padding=&#8220;120px||120px|&#8220; animation_style=&#8220;fade&#8220; hover_enabled=&#8220;0&#8243; title_font_size_tablet=&#8220;&#8220; title_font_size_phone=&#8220;31px&#8220; title_font_size_last_edited=&#8220;on|desktop&#8220; subhead_line_height_tablet=&#8220;&#8220; subhead_line_height_phone=&#8220;&#8220; subhead_line_height_last_edited=&#8220;on|phone&#8220; button_one_text_color_hover=&#8220;#6eba01&#8243; button_two_text_color_hover=&#8220;#6eba01&#8243; button_one_border_color_hover=&#8220;#ffffff&#8220; button_two_border_color_hover=&#8220;#ffffff&#8220; button_one_border_radius_hover=&#8220;0&#8243; button_two_border_radius_hover=&#8220;0&#8243; button_one_letter_spacing_hover=&#8220;2&#8243; button_two_letter_spacing_hover=&#8220;2&#8243; button_one_bg_color_hover=&#8220;#ffffff&#8220; button_two_bg_color_hover=&#8220;#ffffff&#8220; button_one_text_size__hover_enabled=&#8220;off&#8220; button_two_text_size__hover_enabled=&#8220;off&#8220; button_one_text_color__hover_enabled=&#8220;on&#8220; button_one_text_color__hover=&#8220;#6eba01&#8243; button_two_text_color__hover_enabled=&#8220;on&#8220; button_two_text_color__hover=&#8220;#6eba01&#8243; button_one_border_width__hover_enabled=&#8220;off&#8220; button_two_border_width__hover_enabled=&#8220;off&#8220; button_one_border_color__hover_enabled=&#8220;on&#8220; button_one_border_color__hover=&#8220;#ffffff&#8220; button_two_border_color__hover_enabled=&#8220;on&#8220; button_two_border_color__hover=&#8220;#ffffff&#8220; button_one_border_radius__hover_enabled=&#8220;on&#8220; button_one_border_radius__hover=&#8220;0&#8243; button_two_border_radius__hover_enabled=&#8220;on&#8220; button_two_border_radius__hover=&#8220;0&#8243; button_one_letter_spacing__hover_enabled=&#8220;on&#8220; button_one_letter_spacing__hover=&#8220;2&#8243; button_two_letter_spacing__hover_enabled=&#8220;on&#8220; button_two_letter_spacing__hover=&#8220;2&#8243; button_one_bg_color__hover_enabled=&#8220;on&#8220; button_one_bg_color__hover=&#8220;#ffffff&#8220; button_two_bg_color__hover_enabled=&#8220;on&#8220; button_two_bg_color__hover=&#8220;#ffffff&#8220;][\/et_pb_fullwidth_header][\/et_pb_section][et_pb_section fb_built=&#8220;1&#8243; admin_label=&#8220;Unsere Changes&#8220; _builder_version=&#8220;3.29.3&#8243; custom_padding=&#8220;0px||0px|&#8220; animation_style=&#8220;fold&#8220; animation_direction=&#8220;bottom&#8220; animation_intensity_fold=&#8220;4%&#8220;][et_pb_row column_structure=&#8220;1_3,1_3,1_3&#8243; use_custom_gutter=&#8220;on&#8220; gutter_width=&#8220;1&#8243; make_equal=&#8220;on&#8220; module_class=&#8220; et_pb_row_fullwidth&#8220; _builder_version=&#8220;3.29.3&#8243; background_size=&#8220;initial&#8220; background_position=&#8220;top_left&#8220; background_repeat=&#8220;repeat&#8220; width=&#8220;100%&#8220; width_tablet=&#8220;100%&#8220; width_phone=&#8220;&#8220; width_last_edited=&#8220;on|desktop&#8220; max_width=&#8220;100%&#8220; max_width_tablet=&#8220;100%&#8220; max_width_phone=&#8220;&#8220; max_width_last_edited=&#8220;on|desktop&#8220; custom_margin=&#8220;0px||0px|&#8220; custom_padding=&#8220;0px||0px|&#8220; animation_style=&#8220;flip&#8220; animation_direction=&#8220;right&#8220; animation_intensity_flip=&#8220;20%&#8220; make_fullwidth=&#8220;on&#8220;][et_pb_column type=&#8220;1_3&#8243; _builder_version=&#8220;3.29.3&#8243; background_enable_color=&#8220;off&#8220; use_background_color_gradient=&#8220;on&#8220; background_color_gradient_start=&#8220;#96b6c8&#8243; background_color_gradient_end=&#8220;#ffffff&#8220; background_position=&#8220;top_right&#8220; custom_padding=&#8220;30px|4%|||false|false&#8220; custom_padding__hover=&#8220;|||&#8220;][et_pb_text _builder_version=&#8220;4.0&#8243; text_orientation=&#8220;right&#8220; custom_padding=&#8220;||30px||false|false&#8220; hover_enabled=&#8220;0&#8243; content_last_edited=&#8220;on|phone&#8220; content_phone=&#8220;<\/p>\n<h1 style=%22text-align: center;%22>Antizipierter Change<\/h1>\n<p>&#8222;]<\/p>\n<h1 style=\"text-align: right;\">Antizipierter Change<\/h1>\n<p>[\/et_pb_text][et_pb_text _builder_version=&#8220;4.0&#8243; text_text_color=&#8220;#ffffff&#8220; header_text_align=&#8220;center&#8220; header_text_color=&#8220;#ffffff&#8220; header_3_text_color=&#8220;#ffffff&#8220; header_4_text_color=&#8220;#ffffff&#8220; header_5_font=&#8220;|600|||||||&#8220; header_5_text_color=&#8220;#ffffff&#8220; background_color=&#8220;#0080c8&#8243; text_orientation=&#8220;center&#8220; width=&#8220;300px&#8220; module_alignment=&#8220;right&#8220; custom_margin=&#8220;||||false|false&#8220; custom_padding=&#8220;8px||0px||false|false&#8220; hover_enabled=&#8220;0&#8243; box_shadow_style=&#8220;preset2&#8243; module_alignment_last_edited=&#8220;on|phone&#8220; module_alignment_phone=&#8220;center&#8220;]<\/p>\n<h5 class=\"et_pb_module_header\">Impulsvortrag<\/h5>\n<p>[\/et_pb_text][et_pb_blurb title=&#8220;\u00c4ngste und Widerst\u00e4nde bei Ver\u00e4nderungen&#8220; image=&#8220;https:\/\/staging.cambios.de\/wp-content\/uploads\/2019\/10\/Kopf-freimachen.jpg&#8220; admin_label=&#8220;Workshop 3&#8243; _builder_version=&#8220;4.0&#8243; background_color=&#8220;#deebf4&#8243; width=&#8220;300px&#8220; module_alignment=&#8220;right&#8220; height=&#8220;600px&#8220; custom_margin=&#8220;||20px||false|false&#8220; custom_padding=&#8220;10px|10px|10px|10px|false|false&#8220; hover_enabled=&#8220;0&#8243; box_shadow_style=&#8220;preset1&#8243; module_alignment_last_edited=&#8220;on|phone&#8220; module_alignment_phone=&#8220;center&#8220;]<\/p>\n<p>Warum entstehen Widerst\u00e4nde, selbst bei \u201esinnvollen\u201c Ver\u00e4nderungen?<\/p>\n<p>Welche M\u00f6glichkeiten der Vorbereitung und Einflussnahme gibt es? Welche Haltungen und Emotionen sind unver\u00e4nderbar?<\/p>\n<p>Basis: neurowissenschaftliche Erkenntnisse und effektive Kommunikationsmodelle<\/p>\n<p>[\/et_pb_blurb][et_pb_text _builder_version=&#8220;4.0&#8243; text_text_color=&#8220;#ffffff&#8220; header_text_align=&#8220;center&#8220; header_text_color=&#8220;#ffffff&#8220; header_3_text_color=&#8220;#ffffff&#8220; header_4_text_color=&#8220;#ffffff&#8220; header_5_font=&#8220;|600|||||||&#8220; header_5_text_color=&#8220;#ffffff&#8220; background_color=&#8220;#717e85&#8243; text_orientation=&#8220;center&#8220; width=&#8220;300px&#8220; module_alignment=&#8220;right&#8220; custom_margin=&#8220;||||false|false&#8220; custom_padding=&#8220;8px||||false|false&#8220; hover_enabled=&#8220;0&#8243; box_shadow_style=&#8220;preset2&#8243; module_alignment_last_edited=&#8220;on|phone&#8220; module_alignment_phone=&#8220;center&#8220;]<\/p>\n<h5 class=\"et_pb_module_header\">Kurzworkshop<\/h5>\n<p>[\/et_pb_text][et_pb_blurb title=&#8220;Entwickeln einer effektiven Value Proposition<br \/>\n&#8220; image=&#8220;https:\/\/staging.cambios.de\/wp-content\/uploads\/2019\/02\/Foto-Frau-vor-Skyline.jpg&#8220; admin_label=&#8220;Workshop 3&#8243; _builder_version=&#8220;4.0&#8243; background_color=&#8220;#ffffff&#8220; width=&#8220;300px&#8220; module_alignment=&#8220;right&#8220; height=&#8220;600px&#8220; custom_margin=&#8220;||20px||false|false&#8220; custom_padding=&#8220;10px|10px|10px|10px|false|false&#8220; hover_enabled=&#8220;0&#8243; box_shadow_style=&#8220;preset1&#8243; module_alignment_last_edited=&#8220;on|phone&#8220; module_alignment_phone=&#8220;center&#8220;]<\/p>\n<p>Was macht ein fokussiertes Nutzenversprechen aus?<\/p>\n<p>Nutzen und Einsatz der VP,<br \/> Struktur und relevante Inhalte,<br \/> Wirkung nach innen und au\u00dfen<\/p>\n<p>Erarbeiten erste Ans\u00e4tze f\u00fcr optimierte bzw. zuk\u00fcnftige Positionierungen\/VPs<\/p>\n<p>[\/et_pb_blurb][\/et_pb_column][et_pb_column type=&#8220;1_3&#8243; _builder_version=&#8220;3.29.3&#8243; background_color=&#8220;rgba(0,0,0,0)&#8220; use_background_color_gradient=&#8220;on&#8220; background_color_gradient_start=&#8220;#c9c9c9&#8243; background_color_gradient_end=&#8220;#ffffff&#8220; background_position=&#8220;top_left&#8220; custom_padding=&#8220;30px||||false|false&#8220; custom_padding_tablet=&#8220;&#8220; custom_padding_phone=&#8220;80px|10%|80px|10%&#8220; custom_padding_last_edited=&#8220;on|desktop&#8220; padding_phone=&#8220;80px|10%|80px|10%&#8220; padding_last_edited=&#8220;on|desktop&#8220; custom_padding__hover=&#8220;|||&#8220;][et_pb_text _builder_version=&#8220;4.0&#8243; text_orientation=&#8220;center&#8220; custom_margin=&#8220;||||false|false&#8220; custom_padding=&#8220;||30px||false|false&#8220;]<\/p>\n<h1 style=\"text-align: center;\">Synchronisierter Change<\/h1>\n<p>[\/et_pb_text][et_pb_text _builder_version=&#8220;4.0&#8243; text_text_color=&#8220;#ffffff&#8220; header_text_align=&#8220;center&#8220; header_text_color=&#8220;#ffffff&#8220; header_3_text_color=&#8220;#ffffff&#8220; header_4_text_color=&#8220;#ffffff&#8220; header_5_font=&#8220;|600|||||||&#8220; header_5_text_color=&#8220;#ffffff&#8220; background_color=&#8220;#0080c8&#8243; text_orientation=&#8220;center&#8220; width=&#8220;300px&#8220; module_alignment=&#8220;center&#8220; custom_margin=&#8220;||||false|false&#8220; custom_padding=&#8220;8px||0px||false|false&#8220; box_shadow_style=&#8220;preset2&#8243;]<\/p>\n<h5 class=\"et_pb_module_header\">Impulsvortrag<\/h5>\n<p>[\/et_pb_text][et_pb_blurb title=&#8220;Hirngerechtes Change Management&#8220; image=&#8220;https:\/\/staging.cambios.de\/wp-content\/uploads\/2019\/08\/Hirn-Verkn\u00fcpfung.jpg&#8220; admin_label=&#8220;Workshop 3&#8243; _builder_version=&#8220;4.0&#8243; background_color=&#8220;#deebf4&#8243; width=&#8220;300px&#8220; module_alignment=&#8220;center&#8220; height=&#8220;600px&#8220; custom_margin=&#8220;||20px||false|false&#8220; custom_padding=&#8220;10px|10px|10px|10px|false|false&#8220; box_shadow_style=&#8220;preset1&#8243;]<\/p>\n<p>Was wissen wir \u00fcber Ver\u00e4nderungen bezogen auf die neuronalen Prozesse in unserem Hirn? Welche Do\u2019s and Dont\u2019s leiten sich daraus ab f\u00fcr effektives Gestalten von Ver\u00e4nderungen im Unternehmen?<\/p>\n<p>Basis: neurowissenschaftliche Erkenntnisse und praktische Change Mgmt. Konzepte<\/p>\n<p>[\/et_pb_blurb][et_pb_text _builder_version=&#8220;4.0&#8243; text_text_color=&#8220;#ffffff&#8220; header_text_align=&#8220;center&#8220; header_text_color=&#8220;#ffffff&#8220; header_3_text_color=&#8220;#ffffff&#8220; header_4_text_color=&#8220;#ffffff&#8220; header_5_font=&#8220;|600|||||||&#8220; header_5_text_color=&#8220;#ffffff&#8220; background_color=&#8220;#717e85&#8243; text_orientation=&#8220;center&#8220; width=&#8220;300px&#8220; module_alignment=&#8220;center&#8220; custom_margin=&#8220;||||false|false&#8220; custom_padding=&#8220;8px||||false|false&#8220; box_shadow_style=&#8220;preset2&#8243;]<\/p>\n<h5 class=\"et_pb_module_header\">Kurzworkshop<\/h5>\n<p>[\/et_pb_text][et_pb_blurb title=&#8220;Change KPIs, Change Steuerung und Kontrolle<br \/>\n&#8220; image=&#8220;https:\/\/staging.cambios.de\/wp-content\/uploads\/2018\/09\/work_prototyping.jpg&#8220; admin_label=&#8220;Workshop 3&#8243; _builder_version=&#8220;4.0&#8243; background_color=&#8220;#ffffff&#8220; width=&#8220;300px&#8220; module_alignment=&#8220;center&#8220; height=&#8220;600px&#8220; custom_margin=&#8220;||20px||false|false&#8220; custom_padding=&#8220;10px|10px|10px|10px|false|false&#8220; box_shadow_style=&#8220;preset2&#8243;]<\/p>\n<p>Ist Change wirklich messbar? Zumindest die Ergebnisse sollten es sein!<\/p>\n<p>Die wichtigsten KPIs nach au\u00dfen (Brand, Kunde) und innen (Mitarbeiter, Organisation) und ihr Nutzen<\/p>\n<p>Status-Quo Aufnahme und Erarbeitung eigenes Change Cockpit<\/p>\n<p>[\/et_pb_blurb][\/et_pb_column][et_pb_column type=&#8220;1_3&#8243; _builder_version=&#8220;3.29.3&#8243; background_enable_color=&#8220;off&#8220; use_background_color_gradient=&#8220;on&#8220; background_color_gradient_start=&#8220;#a3caed&#8220; background_color_gradient_end=&#8220;#ffffff&#8220; background_position=&#8220;top_left&#8220; custom_padding=&#8220;30px|||4%|false|false&#8220; custom_padding_tablet=&#8220;&#8220; custom_padding_phone=&#8220;80px|10%|80px|10%&#8220; custom_padding_last_edited=&#8220;on|desktop&#8220; padding_phone=&#8220;80px|10%|80px|10%&#8220; padding_last_edited=&#8220;on|desktop&#8220; custom_padding__hover=&#8220;|||&#8220;][et_pb_text _builder_version=&#8220;4.0&#8243; custom_padding=&#8220;||30px||false|false&#8220; hover_enabled=&#8220;0&#8243; content_last_edited=&#8220;on|phone&#8220; content_phone=&#8220;<\/p>\n<h1 style=%22text-align: center;%22>Innerer Change<\/h1>\n<p>&#8222;]<\/p>\n<h1>Innerer Change<\/h1>\n<p>[\/et_pb_text][et_pb_text _builder_version=&#8220;4.0&#8243; text_text_color=&#8220;#ffffff&#8220; header_text_align=&#8220;center&#8220; header_text_color=&#8220;#ffffff&#8220; header_3_text_color=&#8220;#ffffff&#8220; header_4_text_color=&#8220;#ffffff&#8220; header_5_font=&#8220;|600|||||||&#8220; header_5_text_color=&#8220;#ffffff&#8220; background_color=&#8220;#0080c8&#8243; text_orientation=&#8220;center&#8220; width=&#8220;300px&#8220; module_alignment=&#8220;left&#8220; custom_margin=&#8220;||||false|false&#8220; custom_padding=&#8220;8px||0px||false|false&#8220; hover_enabled=&#8220;0&#8243; box_shadow_style=&#8220;preset2&#8243; module_alignment_last_edited=&#8220;on|phone&#8220; module_alignment_phone=&#8220;center&#8220;]<\/p>\n<h5 class=\"et_pb_module_header\">Impulsvortrag<\/h5>\n<p>[\/et_pb_text][et_pb_blurb title=&#8220;M\u00f6glichkeiten und Grenzen von Verhaltens\u00e4nderungen&#8220; image=&#8220;https:\/\/staging.cambios.de\/wp-content\/uploads\/2019\/10\/Masken-Ver\u00e4nderung.jpg&#8220; admin_label=&#8220;Workshop 3&#8243; _builder_version=&#8220;4.0&#8243; background_color=&#8220;#deebf4&#8243; width=&#8220;300px&#8220; height=&#8220;600px&#8220; custom_margin=&#8220;||20px||false|false&#8220; custom_padding=&#8220;10px|10px|10px|10px|false|false&#8220; hover_enabled=&#8220;0&#8243; box_shadow_style=&#8220;preset1&#8243; module_alignment_last_edited=&#8220;on|phone&#8220; module_alignment_phone=&#8220;center&#8220;]<\/p>\n<p>Wie k\u00f6nnen Sie als F\u00fchrungskraft Ihre Mitarbeiter auf den Weg der Ver\u00e4nderung mitnehmen? Welche Falschannahmen zur Ver\u00e4nderungsbereitschaft gibt es? Was bedeutet das auch f\u00fcr Sie selbst als Person?<\/p>\n<p>Basis: neurowissenschaftliche Erkenntnisse und systemisches Coaching<\/p>\n<p>[\/et_pb_blurb][et_pb_text _builder_version=&#8220;4.0&#8243; text_text_color=&#8220;#ffffff&#8220; header_text_align=&#8220;center&#8220; header_text_color=&#8220;#ffffff&#8220; header_3_text_color=&#8220;#ffffff&#8220; header_4_text_color=&#8220;#ffffff&#8220; header_5_font=&#8220;|600|||||||&#8220; header_5_text_color=&#8220;#ffffff&#8220; background_color=&#8220;#717e85&#8243; text_orientation=&#8220;center&#8220; width=&#8220;300px&#8220; module_alignment=&#8220;left&#8220; custom_margin=&#8220;||||false|false&#8220; custom_padding=&#8220;8px||||false|false&#8220; hover_enabled=&#8220;0&#8243; box_shadow_style=&#8220;preset2&#8243; module_alignment_last_edited=&#8220;on|phone&#8220; module_alignment_phone=&#8220;center&#8220;]<\/p>\n<h5 class=\"et_pb_module_header\">Kurzworkshop<\/h5>\n<p>[\/et_pb_text][et_pb_blurb title=&#8220;Business Modell Canvas auf Personen angewandt&#8220; image=&#8220;https:\/\/staging.cambios.de\/wp-content\/uploads\/2018\/09\/cambios_start.jpg&#8220; admin_label=&#8220;Workshop 3&#8243; _builder_version=&#8220;4.0&#8243; body_text_color=&#8220;#717e85&#8243; background_color=&#8220;#ffffff&#8220; width=&#8220;300px&#8220; module_alignment=&#8220;left&#8220; height=&#8220;600px&#8220; custom_margin=&#8220;||20px||false|false&#8220; custom_padding=&#8220;10px|10px|10px|10px|false|false&#8220; hover_enabled=&#8220;0&#8243; box_shadow_style=&#8220;preset1&#8243; module_alignment_last_edited=&#8220;on|phone&#8220; module_alignment_phone=&#8220;center&#8220;]<\/p>\n<p>Wie l\u00e4sst sich der BMC f\u00fcr eigene Ver\u00e4nderungen nutzen?<\/p>\n<p>Transfer der 9 Bausteine des BMC auf das Individuum, jeweilige Inhalte und Nutzen<\/p>\n<p><em>Erarbeiten der wichtigsten eigenen Fragestellungen, Inhalte und Zusammenh\u00e4nge<\/em><\/p>\n<p>[\/et_pb_blurb][et_pb_text _builder_version=&#8220;4.0&#8243; text_text_color=&#8220;#ffffff&#8220; header_text_align=&#8220;center&#8220; header_text_color=&#8220;#ffffff&#8220; header_3_text_color=&#8220;#ffffff&#8220; header_4_text_color=&#8220;#ffffff&#8220; header_5_font=&#8220;|600|||||||&#8220; header_5_text_color=&#8220;#ffffff&#8220; background_color=&#8220;#96b6c8&#8243; text_orientation=&#8220;center&#8220; width=&#8220;300px&#8220; module_alignment=&#8220;left&#8220; custom_margin=&#8220;||||false|false&#8220; custom_padding=&#8220;8px||||false|false&#8220; hover_enabled=&#8220;0&#8243; box_shadow_style=&#8220;preset2&#8243; module_alignment_last_edited=&#8220;on|phone&#8220; module_alignment_phone=&#8220;center&#8220;]<\/p>\n<h5 class=\"et_pb_module_header\">Intensiv-Workshop<\/h5>\n<p>[\/et_pb_text][et_pb_blurb title=&#8220;Assets statt Zweifel&#8220; image=&#8220;https:\/\/staging.cambios.de\/wp-content\/uploads\/2019\/02\/frau_superwoman.jpg&#8220; admin_label=&#8220;Workshop 3&#8243; _builder_version=&#8220;4.0&#8243; background_color=&#8220;#ffffff&#8220; width=&#8220;300px&#8220; module_alignment=&#8220;left&#8220; height=&#8220;600px&#8220; custom_margin=&#8220;||20px||false|false&#8220; custom_padding=&#8220;10px|10px|10px|10px|false|false&#8220; hover_enabled=&#8220;0&#8243; box_shadow_style=&#8220;preset1&#8243; module_alignment_last_edited=&#8220;on|phone&#8220; module_alignment_phone=&#8220;center&#8220;]<\/p>\n<p>Wie lassen sich Zweifel \u00fcberwinden bzw. einsetzen, um erfolgreicher zu werden und eigene Ziele leichter zu erreichen?<\/p>\n<p>Aktuelle Business Methoden und Methoden der Pers\u00f6nlichkeitsentwicklung<\/p>\n<p>Methoden und \u00dcbungen auf k\u00f6rperlicher, emotionaler und mentaler Ebene<\/p>\n<p><strong><a href=\"\/workshop-assets-statt-zweifel\/\" title=\"More Info\">Mehr Information<\/a><\/strong><\/p>\n<p>[\/et_pb_blurb][\/et_pb_column][\/et_pb_row][\/et_pb_section][et_pb_section fb_built=&#8220;1&#8243; _builder_version=&#8220;3.22&#8243; background_color=&#8220;rgba(150,182,200,0.26)&#8220;][et_pb_row column_structure=&#8220;3_5,2_5&#8243; _builder_version=&#8220;3.25&#8243; background_size=&#8220;initial&#8220; background_position=&#8220;top_left&#8220; background_repeat=&#8220;repeat&#8220;][et_pb_column type=&#8220;3_5&#8243; _builder_version=&#8220;3.25&#8243; custom_padding=&#8220;|||&#8220; custom_padding__hover=&#8220;|||&#8220;][et_pb_text admin_label=&#8220;Text Workshop Komplett-Paket&#8220; _builder_version=&#8220;4.0&#8243; text_font_size=&#8220;15px&#8220; text_line_height=&#8220;1.5em&#8220; header_font=&#8220;Montserrat|500|||||||&#8220; header_text_color=&#8220;#0080c8&#8243; header_font_size=&#8220;36px&#8220; header_line_height=&#8220;1.5em&#8220;]<\/p>\n<h4><span color=\"#0080c8\" size=\"4\" style=\"color: #0080c8; font-size: large;\"><strong>Bitte kontaktieren Sie uns f\u00fcr weitere Informationen.<\/strong><\/span><\/h4>\n<ul>\n<li><span color=\"#000000\" style=\"color: #000000;\"><b>Anpassungen an Ihren besonderen Kontext m\u00f6glich<\/b><\/span><\/li>\n<li><span style=\"color: #000000;\"><strong>Teilnehmerzahl nach Absprache<\/strong><\/span><\/li>\n<\/ul>\n<h5><span color=\"#0080c8\" size=\"4\">Alle Workshops und Impulsvortr\u00e4ge k\u00f6nnen wir bei Ihnen inhouse zeitlich flexibel anbieten.<\/span><\/h5>\n<p>[\/et_pb_text][\/et_pb_column][et_pb_column type=&#8220;2_5&#8243; _builder_version=&#8220;3.25&#8243; custom_padding=&#8220;|||&#8220; custom_padding__hover=&#8220;|||&#8220;][et_pb_button button_url=&#8220;mailto:kontakt@staging.cambios.de&#8220; button_text=&#8220;kontakt@staging.cambios.de&#8220; _builder_version=&#8220;3.16&#8243; custom_button=&#8220;on&#8220; button_text_size=&#8220;16px&#8220; button_bg_color=&#8220;#0080c8&#8243; button_border_color=&#8220;rgba(0,0,0,0)&#8220; button_font=&#8220;||||||||&#8220; button_use_icon=&#8220;off&#8220; background_layout=&#8220;dark&#8220; button_text_size__hover_enabled=&#8220;off&#8220; button_one_text_size__hover_enabled=&#8220;off&#8220; button_two_text_size__hover_enabled=&#8220;off&#8220; button_text_color__hover_enabled=&#8220;off&#8220; button_one_text_color__hover_enabled=&#8220;off&#8220; button_two_text_color__hover_enabled=&#8220;off&#8220; button_border_width__hover_enabled=&#8220;off&#8220; button_one_border_width__hover_enabled=&#8220;off&#8220; button_two_border_width__hover_enabled=&#8220;off&#8220; button_border_color__hover_enabled=&#8220;off&#8220; button_one_border_color__hover_enabled=&#8220;off&#8220; button_two_border_color__hover_enabled=&#8220;off&#8220; button_border_radius__hover_enabled=&#8220;off&#8220; button_one_border_radius__hover_enabled=&#8220;off&#8220; button_two_border_radius__hover_enabled=&#8220;off&#8220; button_letter_spacing__hover_enabled=&#8220;off&#8220; button_one_letter_spacing__hover_enabled=&#8220;off&#8220; button_two_letter_spacing__hover_enabled=&#8220;off&#8220; button_bg_color__hover_enabled=&#8220;off&#8220; button_one_bg_color__hover_enabled=&#8220;off&#8220; button_two_bg_color__hover_enabled=&#8220;off&#8220;][\/et_pb_button][\/et_pb_column][\/et_pb_row][\/et_pb_section]<\/p>\n","protected":false},"excerpt":{"rendered":"<p>[et_pb_section fb_built=&#8220;1&#8243; fullwidth=&#8220;on&#8220; admin_label=&#8220;Page Header&#8220; _builder_version=&#8220;4.0&#8243; background_image=&#8220;https:\/\/staging.cambios.de\/wp-content\/uploads\/2019\/11\/Workshops.jpg&#8220; background_position=&#8220;top_center&#8220; custom_padding=&#8220;0px|0px|0px|0px&#8220; collapsed=&#8220;off&#8220;][et_pb_fullwidth_header title=&#8220;Impulsvortr\u00e4ge und Workshops&#8220; text_orientation=&#8220;center&#8220; content_max_width=&#8220;65%&#8220; content_max_width_tablet=&#8220;100%&#8220; content_max_width_phone=&#8220;&#8220; content_max_width_last_edited=&#8220;on|tablet&#8220; admin_label=&#8220;Hero Section&#8220; _builder_version=&#8220;4.0&#8243; title_font=&#8220;Montserrat|on|||&#8220; title_font_size=&#8220;60px&#8220; title_line_height=&#8220;1.4em&#8220; content_font_size=&#8220;22px&#8220; content_line_height=&#8220;1.8em&#8220; subhead_font=&#8220;||||||||&#8220; subhead_font_size=&#8220;24px&#8220; subhead_line_height=&#8220;1.4em&#8220; background_color=&#8220;rgba(255,255,255,0)&#8220; use_background_color_gradient=&#8220;on&#8220; background_color_gradient_start=&#8220;rgba(0,128,200,0.66)&#8220; background_color_gradient_end=&#8220;rgba(0,128,200,0.4)&#8220; background_size=&#8220;initial&#8220; background_position=&#8220;top_left&#8220; background_repeat=&#8220;repeat&#8220; custom_button_one=&#8220;on&#8220; button_one_text_size=&#8220;16px&#8220; button_one_bg_color=&#8220;#6eba01&#8243; button_one_border_color=&#8220;#6eba01&#8243; button_one_border_radius=&#8220;0&#8243; button_one_letter_spacing=&#8220;2&#8243; button_one_font=&#8220;Montserrat|||on|&#8220; button_one_use_icon=&#8220;off&#8220; custom_button_two=&#8220;on&#8220; button_two_text_size=&#8220;16px&#8220; button_two_border_color=&#8220;#ffffff&#8220; button_two_border_radius=&#8220;0&#8243; button_two_letter_spacing=&#8220;2&#8243; button_two_font=&#8220;Montserrat|||on|&#8220; button_two_use_icon=&#8220;off&#8220; module_alignment=&#8220;left&#8220; custom_margin=&#8220;|||&#8220; custom_padding=&#8220;120px||120px|&#8220; animation_style=&#8220;fade&#8220; [&hellip;]<\/p>\n","protected":false},"author":1,"featured_media":0,"parent":0,"menu_order":0,"comment_status":"closed","ping_status":"closed","template":"","meta":{"_et_pb_use_builder":"on","_et_pb_old_content":""},"_links":{"self":[{"href":"https:\/\/staging.cambios.de\/index.php?rest_route=\/wp\/v2\/pages\/1392"}],"collection":[{"href":"https:\/\/staging.cambios.de\/index.php?rest_route=\/wp\/v2\/pages"}],"about":[{"href":"https:\/\/staging.cambios.de\/index.php?rest_route=\/wp\/v2\/types\/page"}],"author":[{"embeddable":true,"href":"https:\/\/staging.cambios.de\/index.php?rest_route=\/wp\/v2\/users\/1"}],"replies":[{"embeddable":true,"href":"https:\/\/staging.cambios.de\/index.php?rest_route=%2Fwp%2Fv2%2Fcomments&post=1392"}],"version-history":[{"count":46,"href":"https:\/\/staging.cambios.de\/index.php?rest_route=\/wp\/v2\/pages\/1392\/revisions"}],"predecessor-version":[{"id":2101,"href":"https:\/\/staging.cambios.de\/index.php?rest_route=\/wp\/v2\/pages\/1392\/revisions\/2101"}],"wp:attachment":[{"href":"https:\/\/staging.cambios.de\/index.php?rest_route=%2Fwp%2Fv2%2Fmedia&parent=1392"}],"curies":[{"name":"wp","href":"https:\/\/api.w.org\/{rel}","templated":true}]}}